*a**2 + 6*a - 39. Let i(h) = 6*k(h) + v(h). What is the units digit of i(n)?
7
Let v(g) = g**3 - 8*g**2 + 6*g - 2. Let a be (15 + -17)*(-5 - -1). Let d be v(a). Suppose -d = -t + 26. What is the tens digit of t?
7
Let x(g) = -g**2 - 4*g - 3. Let u be x(-4). Let o be 20/(-4) - (-24 + 15). What is the hundreds digit of (u + 513/(-6))/((-3)/o)?
1
Suppose -2124 = -q + 13*q. Let i(y) = 276*y**3 - y**2 + 1. Let o be i(1). Let g = q + o. What is the tens digit of g?
9
Suppose 18*q - 89*q + 1794170 = 0. What is the tens digit of q?
7
Let k(g) = -654*g**2 + 2*g - 11. Let q be k(2). Let c = -1741 - q. What is the tens digit of c?
8
Let m = 22 + -12. Let d = m + -6. Suppose -1032 - 24 = -d*l. What is the hundreds digit of l?
2
Let y(d) be the second derivative of d**5/10 - d**4/3 - d**3/6 + 3*d**2/2 + 8*d. Suppose 5*r = 2*k + 24, 2*r = -k - 3*k. What is the units digit of y(r)?
3
Let w(v) = -19*v - 23. Let b = 33 - 29. Suppose -2*a = z + 5, a = -b*z + 4*a - 31. What is the hundreds digit of w(z)?
1
Let i(a) = -5*a**3 - a**2. Let f(g) = 14*g**3 - 17*g**2 - 27*g - 16. Let c(y) = f(y) + 3*i(y). Suppose -64 = 4*d + 12. What is the tens digit of c(d)?
3
Suppose -3*u + 9*u + 390 = 0. Let o = -62 - u. Suppose o*m + 5*y - 270 = 0, 3*y - 191 + 12 = -2*m. What is the units digit of m?
5
What is the units digit of (48867357/957 - 6/87) + 2?
5
Let m(g) = -403*g**3 - g**2 - 6*g - 15. What is the thousands digit of m(-3)?
0
Suppose 4*d + 51701 = 5*k, 3*k - 23500 = -d + 7524. What is the hundreds digit of k?
3
Suppose 3*u - 5*s - 56062 = 0, -u + 5*s + 904 = -17780. What is the units digit of u?
9
Let v(p) = 858*p**2 - 9*p. What is the units digit of v(2)?
4
Let r(q) = 4*q - 15. Let d be r(-5). Let g = 39 + d. Suppose -g*w + 423 = 11. What is the tens digit of w?
0
Suppose 0 = -2*x + 4. Suppose 0 = 11*c - 1843 + 1733. What is the tens digit of 1844/c - x/5?
8
Let m(r) = -r**3 + 26*r**2 + 38*r - 64. Let t be m(27). Suppose 2*o = -6, -p + 58 = -4*o - t. What is the hundreds digit of p?
2
Let i = -613 - -649. What is the units digit of 52788/i - 5/15?
6
Suppose 5*r + 5 = -4*i, 46*r - 45*r - 4*i = 23. Suppose -4*c + r = -13, -5*c + 532 = 4*l. What is the units digit of l?
8
Let v = -198 + 208. Suppose v*r = 776 + 634. What is the tens digit of r?
4
Let n = 1882 + 1702. What is the units digit of n?
4
Let m(d) = -1536*d + 586. What is the ten thousands digit of m(-11)?
1
Let r = -4 - 57. Let j = r - -60. What is the tens digit of (j + 245/(-4))/((-87)/232)?
6
Let h(s) = -2*s**2 + 8*s + 7. Let i(g) = g + 1. Let r(t) = -h(t) + 6*i(t). Suppose 0 = -2*d - 4*a + 6, 9 - 3 = -3*a. What is the tens digit of r(d)?
8
Let t(b) = -b**2 - 23*b - 5. Let x be t(-21). Let y = x - 39. What is the units digit of (-9)/y*280/21?
0
Let z(p) = p**2 + 62*p - 265. Let b be z(-77). Let q be (1 + -2)*2*5. What is the tens digit of b/25 + (-4)/q?
3
Suppose -5*w - 11 = -2*j, j + w + 3*w + 1 = 0. Suppose 2*v + 1 = c, -v + c - j*c - 13 = 0. Let n(g) = -3*g**3 + g**2 + 3*g + 2. What is the tens digit of n(v)?
8
Let q = 82 - 79. Suppose -5*k - b = -584, -q*b - 463 = -4*k - 8*b. What is the tens digit of k?
1
Let k = -1050 - -681. Let h = -31 - k. What is the hundreds digit of h?
3
Let f(u) = 31*u**2 + 9*u - 6. Let r be f(7). Suppose 4*n = -8, -5*v + n + 2*n + r = 0. Let o = v + -139. What is the hundreds digit of o?
1
Let o(g) = 2*g**2 + 3*g + 39. Let t be o(-8). Suppose -t*d + 138*d + 2240 = 0. What is the hundreds digit of d?
4
Let w = 66 - 54. Suppose 1512 = 5*i - 2*g, -5*i = 8*g - w*g - 1514. What is the tens digit of i?
0
Let i(z) = -2*z + 105. Suppose -13*w = -18*w. Let x be i(w). Suppose -5*a = -120 - x. What is the tens digit of a?
4
Suppose 2*i - 4 = -18. Let u(d) = 8*d**2 + 12*d + 36. What is the tens digit of u(i)?
4
Let d = -441 + 490. Suppose -w + 33650 = d*w. What is the tens digit of w?
7
Let k be (-4)/2*-1774*3/(-6). Let d = k + 2996. What is the thousands digit of d?
1
Let m(n) = 2*n**3 + 12*n**2 + 25*n + 3. Let f be m(-3). What is the hundreds digit of f/(309/(-300) + 1)?
6
What is the units digit of (-2773430)/(-110) + 11 + -2?
2
Let u(j) = 715*j - 2645. What is the thousands digit of u(16)?
8
Suppose -3*b = -2*s + 12591, -513*b + 510*b + 21 = 0. What is the units digit of s?
6
What is the tens digit of (-63 - -65) + 1/((8/13898)/4)?
5
What is the hundreds digit of ((-10435)/(-3))/((-10)/(-12))?
1
Suppose 0 = 15*k - 9*k - 618. Suppose -1224 = -106*x + k*x. What is the tens digit of x?
0
What is the hundreds digit of ((-87245)/8)/((-444)/3552)?
2
Let x(t) = -2*t**2 + 5*t + 11. Let o be x(-7). Let y be (1 - 2)/((-7)/14) - o. Let k = y + -23. What is the hundreds digit of k?
1
Let m be ((-4)/5)/((-13)/((-1950)/4)). Let c be ((-6)/(-5))/((-4)/m). Suppose -748 - 656 = -c*s. What is the units digit of s?
6
Suppose -50*y = -20412 - 221088. What is the tens digit of y?
3
Let p(m) = 64*m**2 + 220*m - 159. What is the ten thousands digit of p(18)?
2
Let s = 2730 - 1910. Let c = s + -567. What is the units digit of c?
3
What is the thousands digit of 50/(-5) + (0 - -2) + 64160/20?
3
Suppose 4*k - k = -102. Let a = 48 + -5. Let z = k + a. What is the units digit of z?
9
What is the hundreds digit of 1601 + -2 - (0 + 48/(-12))?
6
Let w be (0 + 0)*(241 + -240). Let b be (-1 - 1)/((-4)/10). Suppose -1357 = -b*g + 3*n, w = -2*g + g - 3*n + 257. What is the hundreds digit of g?
2
Let s be (-6)/39 - 28/(-13). Suppose -4*h + 113 = l, -2*l + 49 = s*h + l. What is the tens digit of h?
2
Let i = -107046 - -162053. What is the units digit of i?
7
Let s(f) = f**3 - 12*f**2 + 15*f + 12. Let u = -21 + 71. Let t = -39 + u. What is the tens digit of s(t)?
5
Suppose -701261 + 4836393 + 5329832 = 114*g. What is the hundreds digit of g?
0
Let v(m) = m**2 + 10*m + 7. Let k(o) = 8*o + 3. Let j be k(-3). What is the units digit of v(j)?
8
Let i(d) = 2102*d + 1391. What is the hundreds digit of i(18)?
2
What is the hundreds digit of (((-5771528)/(-196))/(-23))/(1/(-21))?
8
Let g(a) = -13*a - 263. Let c(l) = -11*l - 263. Let p(x) = -4*c(x) + 5*g(x). What is the units digit of p(-30)?
7
Let b(h) = -h**3 + 4*h**2 - 3*h + 21. Let o be b(6). Let y = -68 - o. Let u = y + 212. What is the tens digit of u?
1
Let p(q) = 16*q**3 + 5*q**2 - 3*q - 4. Let x(j) = -j**3 + 12*j**2 - 11*j + 2. Let k be x(11). What is the tens digit of p(k)?
3
Suppose d - 568*a - 59147 = -569*a, 0 = 3*d - a - 177413. What is the tens digit of d?
4
Let v be (-3223)/22*(0 + -2 + 0). Suppose v*p + 1040 = 297*p. What is the units digit of p?
0
Let w = -13 + 15. Suppose -m + 2 + w = 0. Suppose m*o - 261 = -b, 0 = -o - 3*b + 33 + 46. What is the units digit of o?
4
Suppose -6*a = 5*a + 1276. Let c = a + 328. Suppose c = 2*v - 3*j - j, -3*v + j = -313. What is the tens digit of v?
0
Suppose 2*z - 3*z = 3*p - 4, 0 = 2*p - 4*z - 26. Let k(s) = 178*s + 86. What is the units digit of k(p)?
0
Suppose n - 44911 = -5*b, 2*b - 3933 = 3*n + 14011. What is the thousands digit of b?
8
What is the thousands digit of (-1 - (-866439)/49) + (4 - 72/21)?
7
Let c = -36 + 22. What is the hundreds digit of (-147)/c*92/6?
1
Suppose -10*i + 26 + 44 = 0. What is the hundreds digit of 1262/i - 12/(-294)*-7?
1
Let o = 651 - 615. What is the thousands digit of (-2)/(-8)*o - -1479?
1
Suppose -2*y + 32339 = -m, m + 19675 - 100540 = -5*y. What is the units digit of y?
2
Let w be -1 - (-1)/(-3)*-3. Suppose 230 = -5*o - 3*q - 2*q, -3*q - 3 = w. Let f = o + 69. What is the tens digit of f?
2
Let j(h) = -87*h + 2190. What is the tens digit of j(22)?
7
Suppose -733635 = -16*t - 35*t. What is the ten thousands digit of t?
1
Suppose 54*i - 565758 = -7*i + 7*i. What is the hundreds digit of i?
4
Let h = 1576 + 35. Suppose 13*p - 10*p = h. What is the tens digit of p?
3
Let m(u) = -22*u - 89. Let a be m(-5). Let h(c) = -c**3 + 22*c**2 + 4*c - 26. What is the units digit of h(a)?
9
Suppose -4*i = 5*i - 612. Let h = i - -196. Let s = h - 24. What is the hundreds digit of s?
2
Let n be -10 - 6 - -2 - 0/2. Let q(l) = l**2 + 20*l + 8. Let j be q(n). Let w = j - -205. What is the units digit of w?
9
Suppose 7525 = 10*m - 0*m - 18545. What is the hundreds digit of m?
6
Let g = 5851 + -4505. What is the thousands digit of g?
1
Let o(t) = 3*t - 8. Let q(y) = 6*y - 17. Let f(h) = -7*o(h) + 3*q(h). Let x 